{"id":109,"date":"2013-03-04T22:13:59","date_gmt":"2013-03-04T21:13:59","guid":{"rendered":"http:\/\/les-petits-luteciens.fr\/?page_id=109"},"modified":"2022-08-04T19:15:06","modified_gmt":"2022-08-04T18:15:06","slug":"salons","status":"publish","type":"page","link":"http:\/\/les-petits-luteciens.fr\/?page_id=109","title":{"rendered":"SALONS"},"content":{"rendered":"<p><strong>FEVRIER 2017<\/strong><\/p>\n<p>Les Petits Lut\u00e9ciens ont particip\u00e9 pour la\u00a0 seconde fois au salon Les HUGGLETS \u00e0 Londres, le 26 f\u00e9vrier 2022.<br \/>\nPour l&rsquo;occasion, nous avions cr\u00e9e une collection intitul\u00e9e \u00ab\u00a0Les Petites Douceurs\u00a0\u00bb.<br \/>\nA l&rsquo;issue, toutes nos oursonnes ont trouv\u00e9 acqu\u00e9reur.<\/p>\n<p><img loading=\"lazy\" class=\"alignnone wp-image-2617\" src=\"http:\/\/les-petits-luteciens.fr\/wp-content\/uploads\/2013\/03\/16992141_1358929027497666_6858769392020801773_o.jpg\" alt=\"\" width=\"599\" height=\"390\" srcset=\"http:\/\/les-petits-luteciens.fr\/wp-content\/uploads\/2013\/03\/16992141_1358929027497666_6858769392020801773_o.jpg 1440w, http:\/\/les-petits-luteciens.fr\/wp-content\/uploads\/2013\/03\/16992141_1358929027497666_6858769392020801773_o-300x195.jpg 300w, http:\/\/les-petits-luteciens.fr\/wp-content\/uploads\/2013\/03\/16992141_1358929027497666_6858769392020801773_o-768x500.jpg 768w, http:\/\/les-petits-luteciens.fr\/wp-content\/uploads\/2013\/03\/16992141_1358929027497666_6858769392020801773_o-1024x666.jpg 1024w\" sizes=\"(max-width: 599px) 100vw, 599px\" \/><\/p>\n<div style=\"width: 422px;\" class=\"wp-video\"><!--[if lt IE 9]><script>document.createElement('video');<\/script><![endif]-->\n<video class=\"wp-video-shortcode\" id=\"video-109-1\" width=\"422\" height=\"750\" preload=\"metadata\" controls=\"controls\"><source type=\"video\/mp4\" src=\"http:\/\/les-petits-luteciens.fr\/wp-content\/uploads\/2022\/08\/294498138_1209974789739515_8031613456738600415_n-1.mp4?_=1\" \/><a href=\"http:\/\/les-petits-luteciens.fr\/wp-content\/uploads\/2022\/08\/294498138_1209974789739515_8031613456738600415_n-1.mp4\">http:\/\/les-petits-luteciens.fr\/wp-content\/uploads\/2022\/08\/294498138_1209974789739515_8031613456738600415_n-1.mp4<\/a><\/video><\/div>\n<p>___________________________________________________________________________<\/p>\n<p><strong>SEPTEMBRE 2014<\/strong><\/p>\n<p>Nous sommes tr\u00e8s fi\u00e8res d&rsquo;avoir \u00e9t\u00e9 s\u00e9lectionn\u00e9es pour participer au prestigieux salon LES HUGGLETS \u00e0 Londres.<\/p>\n<p><a href=\"http:\/\/les-petits-luteciens.fr\/wp-content\/uploads\/2022\/08\/Sans-titre-7.jpg\"><img loading=\"lazy\" class=\"alignnone size-large wp-image-2680\" src=\"http:\/\/les-petits-luteciens.fr\/wp-content\/uploads\/2022\/08\/Sans-titre-7-1024x557.jpg\" alt=\"\" width=\"740\" height=\"403\" srcset=\"http:\/\/les-petits-luteciens.fr\/wp-content\/uploads\/2022\/08\/Sans-titre-7-1024x557.jpg 1024w, http:\/\/les-petits-luteciens.fr\/wp-content\/uploads\/2022\/08\/Sans-titre-7-300x163.jpg 300w, http:\/\/les-petits-luteciens.fr\/wp-content\/uploads\/2022\/08\/Sans-titre-7-768x418.jpg 768w, http:\/\/les-petits-luteciens.fr\/wp-content\/uploads\/2022\/08\/Sans-titre-7-1536x836.jpg 1536w, http:\/\/les-petits-luteciens.fr\/wp-content\/uploads\/2022\/08\/Sans-titre-7.jpg 1908w\" sizes=\"(max-width: 740px) 100vw, 740px\" \/><\/a><\/p>\n<p>___________________________________________________________________________<\/p>\n<p><strong>DECEMBRE 2013<\/strong><\/p>\n<p>Pour leur tout premier salon, Les Petits Lut\u00e9ciens sont partis loin, tr\u00e8s loin !<br \/>\nEn effet, nous avons eu le plaisir de participer au Taiwan Teddy Bear Show le 1er D\u00e9cembre 2013.<br \/>\n7 Petits Lut\u00e9ciens ont eu la joie de trouver acqu\u00e9reur \u00e0 la suite de notre passage \u00e0 Taiwan.<\/p>\n<p><img loading=\"lazy\" class=\"alignnone size-full wp-image-872\" src=\"http:\/\/les-petits-luteciens.fr\/wp-content\/uploads\/2013\/03\/IMG_7810.jpg\" alt=\"\" width=\"593\" height=\"336\" srcset=\"http:\/\/les-petits-luteciens.fr\/wp-content\/uploads\/2013\/03\/IMG_7810.jpg 593w, http:\/\/les-petits-luteciens.fr\/wp-content\/uploads\/2013\/03\/IMG_7810-300x169.jpg 300w\" sizes=\"(max-width: 593px) 100vw, 593px\" \/><\/p>\n","protected":false},"excerpt":{"rendered":"<p>FEVRIER 2017 Les Petits Lut\u00e9ciens ont particip\u00e9 pour la\u00a0 seconde fois au salon Les HUGGLETS \u00e0 Londres, le 26 f\u00e9vrier 2022. Pour l&rsquo;occasion, nous avions cr\u00e9e une collection intitul\u00e9e \u00ab\u00a0Les &hellip; <\/p>\n","protected":false},"author":1,"featured_media":0,"parent":0,"menu_order":0,"comment_status":"closed","ping_status":"closed","template":"","meta":[],"_links":{"self":[{"href":"http:\/\/les-petits-luteciens.fr\/index.php?rest_route=\/wp\/v2\/pages\/109"}],"collection":[{"href":"http:\/\/les-petits-luteciens.fr\/index.php?rest_route=\/wp\/v2\/pages"}],"about":[{"href":"http:\/\/les-petits-luteciens.fr\/index.php?rest_route=\/wp\/v2\/types\/page"}],"author":[{"embeddable":true,"href":"http:\/\/les-petits-luteciens.fr\/index.php?rest_route=\/wp\/v2\/users\/1"}],"replies":[{"embeddable":true,"href":"http:\/\/les-petits-luteciens.fr\/index.php?rest_route=%2Fwp%2Fv2%2Fcomments&post=109"}],"version-history":[{"count":19,"href":"http:\/\/les-petits-luteciens.fr\/index.php?rest_route=\/wp\/v2\/pages\/109\/revisions"}],"predecessor-version":[{"id":2681,"href":"http:\/\/les-petits-luteciens.fr\/index.php?rest_route=\/wp\/v2\/pages\/109\/revisions\/2681"}],"wp:attachment":[{"href":"http:\/\/les-petits-luteciens.fr\/index.php?rest_route=%2Fwp%2Fv2%2Fmedia&parent=109"}],"curies":[{"name":"wp","href":"https:\/\/api.w.org\/{rel}","templated":true}]}}

<p><strong>FEVRIER 2017</strong></p>
<p>Les Petits Lutéciens ont participé pour la  seconde fois au salon Les HUGGLETS à Londres, le 26 février 2022.<br />
Pour l&rsquo;occasion, nous avions crée une collection intitulée « Les Petites Douceurs ».<br />
A l&rsquo;issue, toutes nos oursonnes ont trouvé acquéreur.</p>
<p><img loading="lazy" class="alignnone wp-image-2617" src="http://les-petits-luteciens.fr/wp-content/uploads/2013/03/16992141_1358929027497666_6858769392020801773_o.jpg" alt="" width="599" height="390" srcset="http://les-petits-luteciens.fr/wp-content/uploads/2013/03/16992141_1358929027497666_6858769392020801773_o.jpg 1440w, http://les-petits-luteciens.fr/wp-content/uploads/2013/03/16992141_1358929027497666_6858769392020801773_o-300x195.jpg 300w, http://les-petits-luteciens.fr/wp-content/uploads/2013/03/16992141_1358929027497666_6858769392020801773_o-768x500.jpg 768w, http://les-petits-luteciens.fr/wp-content/uploads/2013/03/16992141_1358929027497666_6858769392020801773_o-1024x666.jpg 1024w" sizes="(max-width: 599px) 100vw, 599px" /></p>
<div style="width: 422px;" class="wp-video"><!--[if lt IE 9]><script>document.createElement('video');</script><![endif]-->
<video class="wp-video-shortcode" id="video-109-1" width="422" height="750" preload="metadata" controls="controls"><source type="video/mp4" src="http://les-petits-luteciens.fr/wp-content/uploads/2022/08/294498138_1209974789739515_8031613456738600415_n-1.mp4?_=1" /><a href="http://les-petits-luteciens.fr/wp-content/uploads/2022/08/294498138_1209974789739515_8031613456738600415_n-1.mp4">http://les-petits-luteciens.fr/wp-content/uploads/2022/08/294498138_1209974789739515_8031613456738600415_n-1.mp4</a></video></div>
<p>___________________________________________________________________________</p>
<p><strong>SEPTEMBRE 2014</strong></p>
<p>Nous sommes très fières d&rsquo;avoir été sélectionnées pour participer au prestigieux salon LES HUGGLETS à Londres.</p>
<p><a href="http://les-petits-luteciens.fr/wp-content/uploads/2022/08/Sans-titre-7.jpg"><img loading="lazy" class="alignnone size-large wp-image-2680" src="http://les-petits-luteciens.fr/wp-content/uploads/2022/08/Sans-titre-7-1024x557.jpg" alt="" width="740" height="403" srcset="http://les-petits-luteciens.fr/wp-content/uploads/2022/08/Sans-titre-7-1024x557.jpg 1024w, http://les-petits-luteciens.fr/wp-content/uploads/2022/08/Sans-titre-7-300x163.jpg 300w, http://les-petits-luteciens.fr/wp-content/uploads/2022/08/Sans-titre-7-768x418.jpg 768w, http://les-petits-luteciens.fr/wp-content/uploads/2022/08/Sans-titre-7-1536x836.jpg 1536w, http://les-petits-luteciens.fr/wp-content/uploads/2022/08/Sans-titre-7.jpg 1908w" sizes="(max-width: 740px) 100vw, 740px" /></a></p>
<p>___________________________________________________________________________</p>
<p><strong>DECEMBRE 2013</strong></p>
<p>Pour leur tout premier salon, Les Petits Lutéciens sont partis loin, très loin !<br />
En effet, nous avons eu le plaisir de participer au Taiwan Teddy Bear Show le 1er Décembre 2013.<br />
7 Petits Lutéciens ont eu la joie de trouver acquéreur à la suite de notre passage à Taiwan.</p>
<p><img loading="lazy" class="alignnone size-full wp-image-872" src="http://les-petits-luteciens.fr/wp-content/uploads/2013/03/IMG_7810.jpg" alt="" width="593" height="336" srcset="http://les-petits-luteciens.fr/wp-content/uploads/2013/03/IMG_7810.jpg 593w, http://les-petits-luteciens.fr/wp-content/uploads/2013/03/IMG_7810-300x169.jpg 300w" sizes="(max-width: 593px) 100vw, 593px" /></p>

<p>FEVRIER 2017 Les Petits Lutéciens ont participé pour la  seconde fois au salon Les HUGGLETS à Londres, le 26 février 2022. Pour l&rsquo;occasion, nous avions crée une collection intitulée « Les &hellip; </p>
