{"id":5,"date":"2013-01-27T17:10:44","date_gmt":"2013-01-27T16:10:44","guid":{"rendered":"http:\/\/les-petits-luteciens.fr\/?page_id=5"},"modified":"2022-08-04T19:15:01","modified_gmt":"2022-08-04T18:15:01","slug":"a-propos","status":"publish","type":"page","link":"http:\/\/les-petits-luteciens.fr\/?page_id=5","title":{"rendered":"QUI SOMMES-NOUS ?"},"content":{"rendered":"<p><img loading=\"lazy\" class=\"wp-image-1641 aligncenter\" src=\"http:\/\/les-petits-luteciens.fr\/wp-content\/uploads\/2013\/01\/SB.jpeg\" alt=\"\" width=\"472\" height=\"365\" srcset=\"http:\/\/les-petits-luteciens.fr\/wp-content\/uploads\/2013\/01\/SB.jpeg 600w, http:\/\/les-petits-luteciens.fr\/wp-content\/uploads\/2013\/01\/SB-300x232.jpeg 300w\" sizes=\"(max-width: 472px) 100vw, 472px\" \/><\/p>\n<p align=\"justify\">Nous sommes Sylvie et Bilitis, m\u00e8re et fille, cr\u00e9atrices des Petits Lut\u00e9ciens depuis 2012.<br \/>\nLe nom des Petits Lut\u00e9ciens est venu tout naturellement, la sonorit\u00e9 assez douce allait tr\u00e8s bien avec ce que nous voulions faire et vivant tout pr\u00e8s de Paris, anciennement Lut\u00e8ce, cela collait parfaitement.<br \/>\nL&rsquo;int\u00e9r\u00eat de Sylvie pour les ours a commenc\u00e9 il y&rsquo;a plus de 15 ans, suite \u00e0 l\u2019achat d\u2019un couple de petits ours, sur un march\u00e9 de No\u00ebl, et s\u2019est ensuite d\u00e9velopp\u00e9e en passion pour les ours anciens. Pour ma part, j\u2019ai \u00e9t\u00e9 impliqu\u00e9e dans ce monde malgr\u00e9 moi, mais ce n\u2019est que plus tard que j\u2019ai commenc\u00e9 \u00e0 \u00eatre vraiment passionn\u00e9e en me constituant une petite collection d\u2019ours d\u2019artistes et en organisant un grand concours francophone d\u2019ours d\u2019artistes.<br \/>\nCela faisait un petit moment que Sylvie essayait de cr\u00e9er des ours, d\u2019abord en laine card\u00e9e puis en mohair sans vraiment \u00eatre pleinement satisfaite de son travail. J\u2019en avais \u00e9galement fabriqu\u00e9 quelques uns \u00ab pour m\u2019amuser \u00bb, sans v\u00e9ritable enjeux.<br \/>\nPuis ce n\u2019est qu\u2019en fin d\u2019ann\u00e9e 2012 que nous avons eu un projet commun, celui de s\u2019associer pour cr\u00e9er des petits ours qui pourraient attirer l\u2019\u0153il. Le projet \u00e0 mis un petit peu de temps \u00e0 voir le jour, puis apr\u00e8s un essai rat\u00e9, nous avons trouv\u00e9 vers quel type d\u2019ours nous voulions nous tourner.<br \/>\nNous essayons de cr\u00e9er des ours attrayants, mignons, avec un c\u00f4t\u00e9 \u00ab vintage \u00bb. Nous proposons diverses tailles mais avons une pr\u00e9f\u00e9rence pour ceux de 26 cm, et nous utilisons du mohair, de l&rsquo;alpaga, du viscose ou du tr\u00e8s beau synth\u00e9tique. Nous nous partageons le travail et avons chacune des t\u00e2ches bien pr\u00e9cises.<br \/>\nCe que nous pr\u00e9f\u00e9rons le plus dans ce processus de fabrication c\u2019est lorsque l\u2019ours a enfin un \u00ab visage \u00bb, \u00e7a change tout ! Et, \u00e9tant une grande passionn\u00e9e de photographie, ce que je pr\u00e9f\u00e8re, c\u2019est lorsque l\u2019ours est fini pour le mettre en valeur en photo.<br \/>\nNous esp\u00e9rons que vous prendrez du plaisir \u00e0 regarder nos petits Ours, et pourquoi pas, en adopter \ud83d\ude42<\/p>\n<p><img loading=\"lazy\" class=\"wp-image-1400 aligncenter\" src=\"http:\/\/les-petits-luteciens.fr\/wp-content\/uploads\/2013\/01\/LPLquifaitquoi.jpg\" alt=\"\" width=\"600\" height=\"360\" srcset=\"http:\/\/les-petits-luteciens.fr\/wp-content\/uploads\/2013\/01\/LPLquifaitquoi.jpg 1000w, http:\/\/les-petits-luteciens.fr\/wp-content\/uploads\/2013\/01\/LPLquifaitquoi-300x180.jpg 300w, http:\/\/les-petits-luteciens.fr\/wp-content\/uploads\/2013\/01\/LPLquifaitquoi-250x150.jpg 250w\" sizes=\"(max-width: 600px) 100vw, 600px\" \/><\/p>\n","protected":false},"excerpt":{"rendered":"<p>Nous sommes Sylvie et Bilitis, m\u00e8re et fille, cr\u00e9atrices des Petits Lut\u00e9ciens depuis 2012. Le nom des Petits Lut\u00e9ciens est venu tout naturellement, la sonorit\u00e9 assez douce allait tr\u00e8s bien &hellip; <\/p>\n","protected":false},"author":1,"featured_media":0,"parent":0,"menu_order":0,"comment_status":"closed","ping_status":"closed","template":"","meta":[],"_links":{"self":[{"href":"http:\/\/les-petits-luteciens.fr\/index.php?rest_route=\/wp\/v2\/pages\/5"}],"collection":[{"href":"http:\/\/les-petits-luteciens.fr\/index.php?rest_route=\/wp\/v2\/pages"}],"about":[{"href":"http:\/\/les-petits-luteciens.fr\/index.php?rest_route=\/wp\/v2\/types\/page"}],"author":[{"embeddable":true,"href":"http:\/\/les-petits-luteciens.fr\/index.php?rest_route=\/wp\/v2\/users\/1"}],"replies":[{"embeddable":true,"href":"http:\/\/les-petits-luteciens.fr\/index.php?rest_route=%2Fwp%2Fv2%2Fcomments&post=5"}],"version-history":[{"count":28,"href":"http:\/\/les-petits-luteciens.fr\/index.php?rest_route=\/wp\/v2\/pages\/5\/revisions"}],"predecessor-version":[{"id":2665,"href":"http:\/\/les-petits-luteciens.fr\/index.php?rest_route=\/wp\/v2\/pages\/5\/revisions\/2665"}],"wp:attachment":[{"href":"http:\/\/les-petits-luteciens.fr\/index.php?rest_route=%2Fwp%2Fv2%2Fmedia&parent=5"}],"curies":[{"name":"wp","href":"https:\/\/api.w.org\/{rel}","templated":true}]}}

<p><img loading="lazy" class="wp-image-1641 aligncenter" src="http://les-petits-luteciens.fr/wp-content/uploads/2013/01/SB.jpeg" alt="" width="472" height="365" srcset="http://les-petits-luteciens.fr/wp-content/uploads/2013/01/SB.jpeg 600w, http://les-petits-luteciens.fr/wp-content/uploads/2013/01/SB-300x232.jpeg 300w" sizes="(max-width: 472px) 100vw, 472px" /></p>
<p align="justify">Nous sommes Sylvie et Bilitis, mère et fille, créatrices des Petits Lutéciens depuis 2012.<br />
Le nom des Petits Lutéciens est venu tout naturellement, la sonorité assez douce allait très bien avec ce que nous voulions faire et vivant tout près de Paris, anciennement Lutèce, cela collait parfaitement.<br />
L&rsquo;intérêt de Sylvie pour les ours a commencé il y&rsquo;a plus de 15 ans, suite à l’achat d’un couple de petits ours, sur un marché de Noël, et s’est ensuite développée en passion pour les ours anciens. Pour ma part, j’ai été impliquée dans ce monde malgré moi, mais ce n’est que plus tard que j’ai commencé à être vraiment passionnée en me constituant une petite collection d’ours d’artistes et en organisant un grand concours francophone d’ours d’artistes.<br />
Cela faisait un petit moment que Sylvie essayait de créer des ours, d’abord en laine cardée puis en mohair sans vraiment être pleinement satisfaite de son travail. J’en avais également fabriqué quelques uns « pour m’amuser », sans véritable enjeux.<br />
Puis ce n’est qu’en fin d’année 2012 que nous avons eu un projet commun, celui de s’associer pour créer des petits ours qui pourraient attirer l’œil. Le projet à mis un petit peu de temps à voir le jour, puis après un essai raté, nous avons trouvé vers quel type d’ours nous voulions nous tourner.<br />
Nous essayons de créer des ours attrayants, mignons, avec un côté « vintage ». Nous proposons diverses tailles mais avons une préférence pour ceux de 26 cm, et nous utilisons du mohair, de l&rsquo;alpaga, du viscose ou du très beau synthétique. Nous nous partageons le travail et avons chacune des tâches bien précises.<br />
Ce que nous préférons le plus dans ce processus de fabrication c’est lorsque l’ours a enfin un « visage », ça change tout ! Et, étant une grande passionnée de photographie, ce que je préfère, c’est lorsque l’ours est fini pour le mettre en valeur en photo.<br />
Nous espérons que vous prendrez du plaisir à regarder nos petits Ours, et pourquoi pas, en adopter 🙂</p>
<p><img loading="lazy" class="wp-image-1400 aligncenter" src="http://les-petits-luteciens.fr/wp-content/uploads/2013/01/LPLquifaitquoi.jpg" alt="" width="600" height="360" srcset="http://les-petits-luteciens.fr/wp-content/uploads/2013/01/LPLquifaitquoi.jpg 1000w, http://les-petits-luteciens.fr/wp-content/uploads/2013/01/LPLquifaitquoi-300x180.jpg 300w, http://les-petits-luteciens.fr/wp-content/uploads/2013/01/LPLquifaitquoi-250x150.jpg 250w" sizes="(max-width: 600px) 100vw, 600px" /></p>

<p>Nous sommes Sylvie et Bilitis, mère et fille, créatrices des Petits Lutéciens depuis 2012. Le nom des Petits Lutéciens est venu tout naturellement, la sonorité assez douce allait très bien &hellip; </p>
